Last updated on 2025-07-22 09:50:28 CEST.
Flavor | Version | Tinstall | Tcheck | Ttotal | Status | Flags |
---|---|---|---|---|---|---|
r-devel-linux-x86_64-debian-clang | 0.1.0 | 754.49 | 149.07 | 903.56 | OK | |
r-devel-linux-x86_64-debian-gcc | 0.1.0 | 668.41 | 161.82 | 830.23 | OK | |
r-devel-linux-x86_64-fedora-clang | 0.1.0 | 1334.06 | NOTE | |||
r-devel-linux-x86_64-fedora-gcc | 0.1.0 | 1943.04 | NOTE | |||
r-devel-windows-x86_64 | 0.1.0 | 803.00 | 221.00 | 1024.00 | OK | |
r-patched-linux-x86_64 | 0.1.0 | 849.45 | 218.74 | 1068.19 | OK | |
r-release-linux-x86_64 | 0.1.0 | 860.43 | 216.61 | 1077.04 | OK | |
r-release-macos-arm64 | 0.1.0 | 410.00 | OK | |||
r-release-macos-x86_64 | 0.1.0 | 385.00 | OK | |||
r-release-windows-x86_64 | 0.1.0 | 815.00 | 222.00 | 1037.00 | OK | |
r-oldrel-macos-arm64 | 0.1.0 | 215.00 | NOTE | |||
r-oldrel-macos-x86_64 | 0.1.0 | 182.00 | NOTE | |||
r-oldrel-windows-x86_64 | 0.1.0 | 903.00 | 279.00 | 1182.00 | NOTE |
Version: 0.1.0
Check: dependencies in R code
Result: NOTE
Namespaces in Imports field not imported from:
‘RcppParallel’ ‘rstantools’
All declared Imports should be used.
Flavors: r-devel-linux-x86_64-fedora-clang, r-devel-linux-x86_64-fedora-gcc
Version: 0.1.0
Check: installed package size
Result: NOTE
installed size is 125.3Mb
sub-directories of 1Mb or more:
libs 124.7Mb
Flavors: r-oldrel-macos-arm64, r-oldrel-macos-x86_64, r-oldrel-windows-x86_64
Version: 0.1.0
Check: for GNU extensions in Makefiles
Result: NOTE
GNU make is a SystemRequirements.
Flavors: r-oldrel-macos-arm64, r-oldrel-macos-x86_64, r-oldrel-windows-x86_64