Last updated on 2025-07-17 11:50:28 CEST.
Flavor | Version | Tinstall | Tcheck | Ttotal | Status | Flags |
---|---|---|---|---|---|---|
r-devel-linux-x86_64-debian-clang | 0.2.6 | 78.02 | 90.02 | 168.04 | NOTE | |
r-devel-linux-x86_64-debian-gcc | 0.2.6 | 53.76 | 83.42 | 137.18 | NOTE | |
r-devel-linux-x86_64-fedora-clang | 0.2.6 | 299.79 | OK | |||
r-devel-linux-x86_64-fedora-gcc | 0.2.6 | 272.56 | OK | |||
r-devel-windows-x86_64 | 0.2.6 | 90.00 | 120.00 | 210.00 | OK | |
r-patched-linux-x86_64 | 0.2.6 | 76.16 | 85.86 | 162.02 | OK | |
r-release-linux-x86_64 | 0.2.6 | 77.43 | 86.17 | 163.60 | OK | |
r-release-macos-arm64 | 0.2.6 | 78.00 | OK | |||
r-release-macos-x86_64 | 0.2.6 | 99.00 | OK | |||
r-release-windows-x86_64 | 0.2.6 | 90.00 | 111.00 | 201.00 | OK | |
r-oldrel-macos-arm64 | 0.2.6 | 73.00 | NOTE | |||
r-oldrel-macos-x86_64 | 0.2.6 | 96.00 | NOTE | |||
r-oldrel-windows-x86_64 | 0.2.6 | 108.00 | 151.00 | 259.00 | OK |
Version: 0.2.6
Check: CRAN incoming feasibility
Result: NOTE
Maintainer: ‘Marvin N. Wright <cran@wrig.de>’
No Authors@R field in DESCRIPTION.
Please add one, modifying
Authors@R: c(person(given = "Roman",
family = "Hornung",
role = "aut"),
person(given = c("Marvin", "N."),
family = "Wright",
role = c("aut", "cre"),
email = "cran@wrig.de"))
as necessary.
Flavors: r-devel-linux-x86_64-debian-clang, r-devel-linux-x86_64-debian-gcc
Version: 0.2.6
Check: installed package size
Result: NOTE
installed size is 7.0Mb
sub-directories of 1Mb or more:
libs 6.6Mb
Flavors: r-oldrel-macos-arm64, r-oldrel-macos-x86_64