Last updated on 2025-07-21 08:49:58 CEST.
Flavor | Version | Tinstall | Tcheck | Ttotal | Status | Flags |
---|---|---|---|---|---|---|
r-devel-linux-x86_64-debian-clang | 1.2.4 | 91.87 | 385.07 | 476.94 | OK | |
r-devel-linux-x86_64-debian-gcc | 1.2.4 | 70.04 | 266.87 | 336.91 | OK | |
r-devel-linux-x86_64-fedora-clang | 1.2.4 | 706.74 | OK | |||
r-devel-linux-x86_64-fedora-gcc | 1.2.4 | 687.37 | OK | |||
r-devel-windows-x86_64 | 1.2.4 | 101.00 | 337.00 | 438.00 | OK | |
r-patched-linux-x86_64 | 1.2.4 | 95.78 | 341.44 | 437.22 | OK | |
r-release-linux-x86_64 | 1.2.4 | 95.97 | 344.01 | 439.98 | OK | |
r-release-macos-arm64 | 1.2.4 | 181.00 | OK | |||
r-release-macos-x86_64 | 1.2.4 | 266.00 | OK | |||
r-release-windows-x86_64 | 1.2.4 | 104.00 | 322.00 | 426.00 | OK | |
r-oldrel-macos-arm64 | 1.2.4 | 190.00 | NOTE | |||
r-oldrel-macos-x86_64 | 1.2.4 | 289.00 | NOTE | |||
r-oldrel-windows-x86_64 | 1.2.4 | 125.00 | 436.00 | 561.00 | OK |
Version: 1.2.4
Check: installed package size
Result: NOTE
installed size is 8.5Mb
sub-directories of 1Mb or more:
data 1.4Mb
libs 6.2Mb
Flavors: r-oldrel-macos-arm64, r-oldrel-macos-x86_64