CRAN Package Check Results for Package bayesdistreg

Last updated on 2025-07-16 17:49:19 CEST.

Flavor Version Tinstall Tcheck Ttotal Status Flags
r-devel-linux-x86_64-debian-clang 0.1.0 2.22 31.83 34.05 NOTE
r-devel-linux-x86_64-debian-gcc 0.1.0 1.70 22.89 24.59 NOTE
r-devel-linux-x86_64-fedora-clang 0.1.0 52.83 NOTE
r-devel-linux-x86_64-fedora-gcc 0.1.0 52.67 NOTE
r-devel-windows-x86_64 0.1.0 3.00 59.00 62.00 NOTE
r-patched-linux-x86_64 0.1.0 2.62 29.53 32.15 NOTE
r-release-linux-x86_64 0.1.0 2.16 29.08 31.24 NOTE
r-release-macos-arm64 0.1.0 22.00 NOTE
r-release-macos-x86_64 0.1.0 38.00 NOTE
r-release-windows-x86_64 0.1.0 3.00 61.00 64.00 NOTE
r-oldrel-macos-arm64 0.1.0 23.00 NOTE
r-oldrel-macos-x86_64 0.1.0 38.00 NOTE
r-oldrel-windows-x86_64 0.1.0 4.00 74.00 78.00 NOTE

Check Details

Version: 0.1.0
Check: package subdirectories
Result: NOTE Problems with news in ‘NEWS.md’: No news entries found. Flavors: r-devel-linux-x86_64-debian-clang, r-devel-linux-x86_64-debian-gcc, r-devel-linux-x86_64-fedora-clang, r-devel-linux-x86_64-fedora-gcc, r-devel-windows-x86_64, r-patched-linux-x86_64, r-release-linux-x86_64, r-release-macos-arm64, r-release-macos-x86_64, r-release-windows-x86_64, r-oldrel-macos-arm64, r-oldrel-macos-x86_64, r-oldrel-windows-x86_64

Version: 0.1.0
Check: LazyData
Result: NOTE 'LazyData' is specified without a 'data' directory Flavors: r-oldrel-macos-arm64, r-oldrel-macos-x86_64, r-oldrel-windows-x86_64