Last updated on 2025-07-16 11:50:33 CEST.
Flavor | Version | Tinstall | Tcheck | Ttotal | Status | Flags |
---|---|---|---|---|---|---|
r-devel-linux-x86_64-debian-clang | 0.5.0 | 60.75 | 53.39 | 114.14 | OK | |
r-devel-linux-x86_64-debian-gcc | 0.5.0 | 42.32 | 41.86 | 84.18 | OK | |
r-devel-linux-x86_64-fedora-clang | 0.5.0 | 198.23 | OK | |||
r-devel-linux-x86_64-fedora-gcc | 0.5.0 | 203.07 | OK | |||
r-devel-windows-x86_64 | 0.5.0 | 65.00 | 107.00 | 172.00 | OK | |
r-patched-linux-x86_64 | 0.5.0 | 64.13 | 55.97 | 120.10 | OK | |
r-release-linux-x86_64 | 0.5.0 | 63.07 | 55.03 | 118.10 | OK | |
r-release-macos-arm64 | 0.5.0 | 62.00 | OK | |||
r-release-macos-x86_64 | 0.5.0 | 112.00 | OK | |||
r-release-windows-x86_64 | 0.5.0 | 65.00 | 111.00 | 176.00 | OK | |
r-oldrel-macos-arm64 | 0.5.0 | 64.00 | NOTE | |||
r-oldrel-macos-x86_64 | 0.5.0 | 76.00 | NOTE | |||
r-oldrel-windows-x86_64 | 0.5.0 | 78.00 | 124.00 | 202.00 | OK |
Version: 0.5.0
Check: installed package size
Result: NOTE
installed size is 12.2Mb
sub-directories of 1Mb or more:
libs 11.6Mb
Flavors: r-oldrel-macos-arm64, r-oldrel-macos-x86_64