CRAN Package Check Results for Package baorista

Last updated on 2025-07-21 08:49:57 CEST.

Flavor Version Tinstall Tcheck Ttotal Status Flags
r-devel-linux-x86_64-debian-clang 0.2.1 9.41 69.76 79.17 NOTE
r-devel-linux-x86_64-debian-gcc 0.2.1 6.47 56.41 62.88 NOTE
r-devel-linux-x86_64-fedora-clang 0.2.1 124.87 NOTE
r-devel-linux-x86_64-fedora-gcc 0.2.1 133.69 NOTE
r-devel-windows-x86_64 0.2.1 11.00 83.00 94.00 NOTE
r-patched-linux-x86_64 0.2.1 9.04 68.21 77.25 NOTE
r-release-linux-x86_64 0.2.1 8.26 68.59 76.85 NOTE
r-release-macos-arm64 0.2.1 83.00 NOTE
r-release-macos-x86_64 0.2.1 99.00 NOTE
r-release-windows-x86_64 0.2.1 10.00 85.00 95.00 NOTE
r-oldrel-macos-arm64 0.2.1 51.00 OK
r-oldrel-macos-x86_64 0.2.1 97.00 OK
r-oldrel-windows-x86_64 0.2.1 14.00 100.00 114.00 OK

Check Details

Version: 0.2.1
Check: DESCRIPTION meta-information
Result: NOTE Missing dependency on R >= 4.2.0 because package code uses the pipe placeholder syntax added in R 4.2.0. File(s) using such syntax: ‘dexpfit.R’ ‘expfit.R’ ‘icarfit.R’ ‘logisticfit.R’ Flavors: r-devel-linux-x86_64-debian-clang, r-devel-linux-x86_64-debian-gcc, r-devel-linux-x86_64-fedora-clang, r-devel-linux-x86_64-fedora-gcc, r-devel-windows-x86_64, r-patched-linux-x86_64, r-release-linux-x86_64, r-release-macos-arm64, r-release-macos-x86_64, r-release-windows-x86_64