Last updated on 2025-07-16 23:49:10 CEST.
Flavor | Version | Tinstall | Tcheck | Ttotal | Status | Flags |
---|---|---|---|---|---|---|
r-devel-linux-x86_64-debian-clang | 0.1.5 | 3.31 | 32.04 | 35.35 | NOTE | |
r-devel-linux-x86_64-debian-gcc | 0.1.5 | 2.08 | 24.91 | 26.99 | NOTE | |
r-devel-linux-x86_64-fedora-clang | 0.1.5 | 52.20 | OK | |||
r-devel-linux-x86_64-fedora-gcc | 0.1.5 | 50.98 | OK | |||
r-devel-windows-x86_64 | 0.1.5 | 6.00 | 66.00 | 72.00 | OK | |
r-patched-linux-x86_64 | 0.1.5 | 2.89 | 29.37 | 32.26 | OK | |
r-release-linux-x86_64 | 0.1.5 | 3.12 | 29.00 | 32.12 | OK | |
r-release-macos-arm64 | 0.1.5 | 40.00 | OK | |||
r-release-macos-x86_64 | 0.1.5 | 45.00 | OK | |||
r-release-windows-x86_64 | 0.1.5 | 6.00 | 67.00 | 73.00 | OK | |
r-oldrel-macos-arm64 | 0.1.5 | 21.00 | OK | |||
r-oldrel-macos-x86_64 | 0.1.5 | 33.00 | OK | |||
r-oldrel-windows-x86_64 | 0.1.5 | 7.00 | 73.00 | 80.00 | OK |
Version: 0.1.5
Check: CRAN incoming feasibility
Result: NOTE
Maintainer: ‘Antoine Sachet <antoine.sac@gmail.com>’
Package CITATION file contains call(s) to old-style personList() or
as.personList(). Please use c() on person objects instead.
Package CITATION file contains call(s) to old-style citEntry(). Please
use bibentry() instead.
Flavors: r-devel-linux-x86_64-debian-clang, r-devel-linux-x86_64-debian-gcc