Last updated on 2025-07-13 16:49:10 CEST.
Flavor | Version | Tinstall | Tcheck | Ttotal | Status | Flags |
---|---|---|---|---|---|---|
r-devel-linux-x86_64-debian-clang | 0.3.0 | 26.34 | 287.60 | 313.94 | OK | |
r-devel-linux-x86_64-debian-gcc | 0.3.0 | 15.15 | 181.76 | 196.91 | OK | |
r-devel-linux-x86_64-fedora-clang | 0.3.0 | 481.27 | NOTE | |||
r-devel-linux-x86_64-fedora-gcc | 0.3.0 | 513.30 | NOTE | |||
r-devel-windows-x86_64 | 0.3.0 | 24.00 | 228.00 | 252.00 | OK | |
r-patched-linux-x86_64 | 0.3.0 | 25.57 | 272.87 | 298.44 | OK | |
r-release-linux-x86_64 | 0.3.0 | 23.01 | 272.04 | 295.05 | OK | |
r-release-macos-arm64 | 0.3.0 | 118.00 | OK | |||
r-release-macos-x86_64 | 0.3.0 | 262.00 | OK | |||
r-release-windows-x86_64 | 0.3.0 | 24.00 | 239.00 | 263.00 | OK | |
r-oldrel-macos-arm64 | 0.3.0 | 130.00 | OK | |||
r-oldrel-macos-x86_64 | 0.3.0 | 374.00 | OK | |||
r-oldrel-windows-x86_64 | 0.3.0 | 33.00 | 345.00 | 378.00 | OK |
Version: 0.3.0
Check: dependencies in R code
Result: NOTE
Namespace in Imports field not imported from: ‘methods’
All declared Imports should be used.
Flavors: r-devel-linux-x86_64-fedora-clang, r-devel-linux-x86_64-fedora-gcc