CRAN Package Check Results for Package aos

Last updated on 2025-07-21 08:49:57 CEST.

Flavor Version Tinstall Tcheck Ttotal Status Flags
r-devel-linux-x86_64-debian-clang 0.1.0 2.19 24.17 26.36 OK
r-devel-linux-x86_64-debian-gcc 0.1.0 1.81 20.16 21.97 OK
r-devel-linux-x86_64-fedora-clang 0.1.0 38.57 OK
r-devel-linux-x86_64-fedora-gcc 0.1.0 36.90 OK
r-devel-windows-x86_64 0.1.0 3.00 42.00 45.00 OK
r-patched-linux-x86_64 0.1.0 2.06 22.07 24.13 OK
r-release-linux-x86_64 0.1.0 1.88 21.53 23.41 OK
r-release-macos-arm64 0.1.0 20.00 OK
r-release-macos-x86_64 0.1.0 34.00 OK
r-release-windows-x86_64 0.1.0 3.00 43.00 46.00 OK
r-oldrel-macos-arm64 0.1.0 17.00 NOTE
r-oldrel-macos-x86_64 0.1.0 23.00 NOTE
r-oldrel-windows-x86_64 0.1.0 5.00 47.00 52.00 NOTE

Check Details

Version: 0.1.0
Check: LazyData
Result: NOTE 'LazyData' is specified without a 'data' directory Flavors: r-oldrel-macos-arm64, r-oldrel-macos-x86_64, r-oldrel-windows-x86_64