CRAN Package Check Results for Package aiRly

Last updated on 2025-07-16 05:49:17 CEST.

Flavor Version Tinstall Tcheck Ttotal Status Flags
r-devel-linux-x86_64-debian-clang 0.1.0 3.41 37.23 40.64 OK
r-devel-linux-x86_64-debian-gcc 0.1.0 2.59 27.92 30.51 OK
r-devel-linux-x86_64-fedora-clang 0.1.0 60.15 OK
r-devel-linux-x86_64-fedora-gcc 0.1.0 57.46 OK
r-devel-windows-x86_64 0.1.0 4.00 58.00 62.00 OK
r-patched-linux-x86_64 0.1.0 4.15 33.28 37.43 OK
r-release-linux-x86_64 0.1.0 3.69 33.06 36.75 OK
r-release-macos-arm64 0.1.0 26.00 OK
r-release-macos-x86_64 0.1.0 41.00 OK
r-release-windows-x86_64 0.1.0 5.00 67.00 72.00 OK
r-oldrel-macos-arm64 0.1.0 22.00 NOTE
r-oldrel-macos-x86_64 0.1.0 32.00 NOTE
r-oldrel-windows-x86_64 0.1.0 7.00 65.00 72.00 NOTE

Additional issues

donttest

Check Details

Version: 0.1.0
Check: LazyData
Result: NOTE 'LazyData' is specified without a 'data' directory Flavors: r-oldrel-macos-arm64, r-oldrel-macos-x86_64, r-oldrel-windows-x86_64