Last updated on 2025-07-16 05:49:17 CEST.
Flavor | Version | Tinstall | Tcheck | Ttotal | Status | Flags |
---|---|---|---|---|---|---|
r-devel-linux-x86_64-debian-clang | 0.1.0 | 6.29 | 54.34 | 60.63 | NOTE | |
r-devel-linux-x86_64-debian-gcc | 0.1.0 | 4.62 | 37.24 | 41.86 | NOTE | |
r-devel-linux-x86_64-fedora-clang | 0.1.0 | 94.21 | OK | |||
r-devel-linux-x86_64-fedora-gcc | 0.1.0 | 85.34 | OK | |||
r-devel-windows-x86_64 | 0.1.0 | 7.00 | 67.00 | 74.00 | OK | |
r-patched-linux-x86_64 | 0.1.0 | 6.55 | 48.60 | 55.15 | OK | |
r-release-linux-x86_64 | 0.1.0 | 5.53 | 49.45 | 54.98 | OK | |
r-release-macos-arm64 | 0.1.0 | 31.00 | OK | |||
r-release-macos-x86_64 | 0.1.0 | 46.00 | OK | |||
r-release-windows-x86_64 | 0.1.0 | 8.00 | 76.00 | 84.00 | OK | |
r-oldrel-macos-arm64 | 0.1.0 | 32.00 | OK | |||
r-oldrel-macos-x86_64 | 0.1.0 | 39.00 | OK | |||
r-oldrel-windows-x86_64 | 0.1.0 | 10.00 | 82.00 | 92.00 | OK |
Version: 0.1.0
Check: CRAN incoming feasibility
Result: NOTE
Maintainer: ‘Anna Cheshkova <cheshanf@gmail.com>’
No Authors@R field in DESCRIPTION.
Please add one, modifying
Authors@R: person(given = "Anna",
family = "Cheshkova",
role = c("aut", "cre"),
email = "cheshanf@gmail.com")
as necessary.
Flavors: r-devel-linux-x86_64-debian-clang, r-devel-linux-x86_64-debian-gcc