Last updated on 2025-07-16 23:49:09 CEST.
Flavor | Version | Tinstall | Tcheck | Ttotal | Status | Flags |
---|---|---|---|---|---|---|
r-devel-linux-x86_64-debian-clang | 0.2.4 | 4.17 | 37.80 | 41.97 | NOTE | |
r-devel-linux-x86_64-debian-gcc | 0.2.4 | 3.36 | 29.52 | 32.88 | NOTE | |
r-devel-linux-x86_64-fedora-clang | 0.2.4 | 64.41 | NOTE | |||
r-devel-linux-x86_64-fedora-gcc | 0.2.4 | 60.09 | NOTE | |||
r-devel-windows-x86_64 | 0.2.4 | 5.00 | 56.00 | 61.00 | NOTE | |
r-patched-linux-x86_64 | 0.2.4 | 3.51 | 35.52 | 39.03 | NOTE | |
r-release-linux-x86_64 | 0.2.4 | 3.91 | 35.41 | 39.32 | NOTE | |
r-release-macos-arm64 | 0.2.4 | 27.00 | NOTE | |||
r-release-macos-x86_64 | 0.2.4 | 44.00 | NOTE | |||
r-release-windows-x86_64 | 0.2.4 | 4.00 | 54.00 | 58.00 | NOTE | |
r-oldrel-macos-arm64 | 0.2.4 | 24.00 | OK | |||
r-oldrel-macos-x86_64 | 0.2.4 | 32.00 | OK | |||
r-oldrel-windows-x86_64 | 0.2.4 | 8.00 | 65.00 | 73.00 | OK |
Version: 0.2.4
Check: DESCRIPTION meta-information
Result: NOTE
Missing dependency on R >= 4.1.0 because package code uses the pipe
|> or function shorthand \(...) syntax added in R 4.1.0.
File(s) using such syntax:
‘am_data.Rd’
Flavors: r-devel-linux-x86_64-debian-clang, r-devel-linux-x86_64-debian-gcc, r-devel-linux-x86_64-fedora-clang, r-devel-linux-x86_64-fedora-gcc, r-devel-windows-x86_64, r-patched-linux-x86_64, r-release-linux-x86_64, r-release-macos-arm64, r-release-macos-x86_64, r-release-windows-x86_64