Last updated on 2025-07-17 05:49:42 CEST.
Flavor | Version | Tinstall | Tcheck | Ttotal | Status | Flags |
---|---|---|---|---|---|---|
r-devel-linux-x86_64-debian-clang | 1.1-4.2 | 1.84 | 28.40 | 30.24 | NOTE | |
r-devel-linux-x86_64-debian-gcc | 1.1-4.2 | 1.51 | 22.48 | 23.99 | NOTE | |
r-devel-linux-x86_64-fedora-clang | 1.1-4.2 | 46.59 | OK | |||
r-devel-linux-x86_64-fedora-gcc | 1.1-4.2 | 72.34 | OK | |||
r-devel-windows-x86_64 | 1.1-4.2 | 4.00 | 48.00 | 52.00 | OK | |
r-patched-linux-x86_64 | 1.1-4.2 | 1.67 | 25.26 | 26.93 | OK | |
r-release-linux-x86_64 | 1.1-4.2 | 1.72 | 25.35 | 27.07 | OK | |
r-release-macos-arm64 | 1.1-4.2 | 26.00 | OK | |||
r-release-macos-x86_64 | 1.1-4.2 | 51.00 | OK | |||
r-release-windows-x86_64 | 1.1-4.2 | 5.00 | 48.00 | 53.00 | OK | |
r-oldrel-macos-arm64 | 1.1-4.2 | 30.00 | OK | |||
r-oldrel-macos-x86_64 | 1.1-4.2 | 38.00 | OK | |||
r-oldrel-windows-x86_64 | 1.1-4.2 | 4.00 | 56.00 | 60.00 | OK |
Version: 1.1-4.2
Check: CRAN incoming feasibility
Result: NOTE
Maintainer: ‘Petr Simecek <simecek@gmail.com>’
No Authors@R field in DESCRIPTION.
Please add one, modifying
Authors@R: c(person(given = "Marie",
family = "Simeckova",
role = "aut"),
person(given = "Thomas",
family = "Rusch",
role = "aut"),
person(given = "Petr",
family = "Simecek",
role = "cre",
email = "simecek@gmail.com"))
as necessary.
Flavors: r-devel-linux-x86_64-debian-clang, r-devel-linux-x86_64-debian-gcc