Last updated on 2025-07-15 11:49:19 CEST.
Flavor | Version | Tinstall | Tcheck | Ttotal | Status | Flags |
---|---|---|---|---|---|---|
r-devel-linux-x86_64-debian-clang | 0.19.0 | 29.72 | 21.48 | 51.20 | OK | |
r-devel-linux-x86_64-debian-gcc | 0.19.0 | 25.03 | 18.47 | 43.50 | OK | |
r-devel-linux-x86_64-fedora-clang | 0.19.0 | 86.50 | OK | |||
r-devel-linux-x86_64-fedora-gcc | 0.19.0 | 98.64 | OK | |||
r-devel-windows-x86_64 | 0.19.0 | 46.00 | 71.00 | 117.00 | OK | |
r-patched-linux-x86_64 | 0.18.0 | 32.51 | 18.99 | 51.50 | OK | |
r-release-linux-x86_64 | 0.18.0 | 30.51 | 18.98 | 49.49 | OK | |
r-release-macos-arm64 | 0.18.0 | 35.00 | OK | |||
r-release-macos-x86_64 | 0.19.0 | 82.00 | OK | |||
r-release-windows-x86_64 | 0.19.0 | 43.00 | 91.00 | 134.00 | OK | |
r-oldrel-macos-arm64 | 0.18.0 | 39.00 | NOTE | |||
r-oldrel-macos-x86_64 | 0.19.0 | 87.00 | NOTE | |||
r-oldrel-windows-x86_64 | 0.19.0 | 55.00 | 91.00 | 146.00 | OK |
Version: 0.18.0
Check: installed package size
Result: NOTE
installed size is 7.5Mb
sub-directories of 1Mb or more:
libs 7.5Mb
Flavor: r-oldrel-macos-arm64
Version: 0.19.0
Check: installed package size
Result: NOTE
installed size is 7.8Mb
sub-directories of 1Mb or more:
libs 7.7Mb
Flavor: r-oldrel-macos-x86_64