Last updated on 2025-07-16 11:50:55 CEST.
Flavor | Version | Tinstall | Tcheck | Ttotal | Status | Flags |
---|---|---|---|---|---|---|
r-devel-linux-x86_64-debian-clang | 4.0.3 | 12.56 | 263.42 | 275.98 | OK | |
r-devel-linux-x86_64-debian-gcc | 4.0.3 | 8.69 | 170.78 | 179.47 | OK | |
r-devel-linux-x86_64-fedora-clang | 4.0.3 | 431.43 | OK | |||
r-devel-linux-x86_64-fedora-gcc | 4.0.3 | 421.20 | OK | |||
r-devel-windows-x86_64 | 4.0.3 | 12.00 | 233.00 | 245.00 | OK | |
r-patched-linux-x86_64 | 4.0.3 | 11.59 | 255.04 | 266.63 | OK | |
r-release-linux-x86_64 | 4.0.3 | 11.21 | 252.01 | 263.22 | OK | |
r-release-macos-arm64 | 4.0.3 | 116.00 | OK | |||
r-release-macos-x86_64 | 4.0.3 | 286.00 | OK | |||
r-release-windows-x86_64 | 4.0.3 | 12.00 | 234.00 | 246.00 | OK | |
r-oldrel-macos-arm64 | 4.0.3 | 112.00 | NOTE | |||
r-oldrel-macos-x86_64 | 4.0.3 | 170.00 | OK | |||
r-oldrel-windows-x86_64 | 4.0.3 | 16.00 | 322.00 | 338.00 | OK |
Version: 4.0.3
Check: package dependencies
Result: NOTE
Package suggested but not available for checking: ‘glmmTMB’
Flavor: r-oldrel-macos-arm64