Last updated on 2025-07-27 07:49:49 CEST.
Flavor | Version | Tinstall | Tcheck | Ttotal | Status | Flags |
---|---|---|---|---|---|---|
r-devel-linux-x86_64-debian-clang | 1.4.4 | 12.45 | 162.21 | 174.66 | NOTE | |
r-devel-linux-x86_64-debian-gcc | 1.4.4 | 8.18 | 115.55 | 123.73 | NOTE | |
r-devel-linux-x86_64-fedora-clang | 1.4.4 | 262.16 | OK | |||
r-devel-linux-x86_64-fedora-gcc | 1.4.4 | 271.08 | OK | |||
r-devel-windows-x86_64 | 1.4.4 | 15.00 | 165.00 | 180.00 | OK | |
r-patched-linux-x86_64 | 1.4.4 | 11.48 | 153.45 | 164.93 | NOTE | |
r-release-linux-x86_64 | 1.4.4 | 10.85 | 153.39 | 164.24 | NOTE | |
r-release-macos-arm64 | 1.4.4 | 68.00 | OK | |||
r-release-macos-x86_64 | 1.4.4 | 138.00 | OK | |||
r-release-windows-x86_64 | 1.4.4 | 16.00 | 163.00 | 179.00 | OK | |
r-oldrel-macos-arm64 | 1.4.4 | 79.00 | OK | |||
r-oldrel-macos-x86_64 | 1.4.4 | 226.00 | OK | |||
r-oldrel-windows-x86_64 | 1.4.4 | 18.00 | 211.00 | 229.00 | OK |
Version: 1.4.4
Check: for unstated dependencies in ‘demo’
Result: NOTE
'::' or ':::' import not declared from: ‘NPRED’
'library' or 'require' call not declared from: ‘NPRED’
Flavors: r-devel-linux-x86_64-debian-clang, r-devel-linux-x86_64-debian-gcc, r-patched-linux-x86_64, r-release-linux-x86_64