CRAN Package Check Results for Package TeachingDemos

Last updated on 2025-07-26 19:50:09 CEST.

Flavor Version Tinstall Tcheck Ttotal Status Flags
r-devel-linux-x86_64-debian-clang 2.13 13.13 82.26 95.39 NOTE
r-devel-linux-x86_64-debian-gcc 2.13 8.05 55.07 63.12 NOTE
r-devel-linux-x86_64-fedora-clang 2.13 149.23 OK
r-devel-linux-x86_64-fedora-gcc 2.13 139.64 OK
r-devel-windows-x86_64 2.13 16.00 110.00 126.00 OK
r-patched-linux-x86_64 2.13 13.51 75.41 88.92 OK
r-release-linux-x86_64 2.13 12.10 77.71 89.81 OK
r-release-macos-arm64 2.13 38.00 OK
r-release-macos-x86_64 2.13 141.00 OK
r-release-windows-x86_64 2.13 13.00 286.00 299.00 OK
r-oldrel-macos-arm64 2.13 40.00 NOTE
r-oldrel-macos-x86_64 2.13 106.00 NOTE
r-oldrel-windows-x86_64 2.13 17.00 295.00 312.00 OK

Check Details

Version: 2.13
Check: CRAN incoming feasibility
Result: NOTE Maintainer: ‘Greg Snow <538280@gmail.com>’ No Authors@R field in DESCRIPTION. Please add one, modifying Authors@R: person(given = "Greg", family = "Snow", role = c("aut", "cre"), email = "538280@gmail.com") as necessary. Flavors: r-devel-linux-x86_64-debian-clang, r-devel-linux-x86_64-debian-gcc

Version: 2.13
Check: package dependencies
Result: NOTE Package which this enhances but not available for checking: ‘R2wd’ Flavors: r-oldrel-macos-arm64, r-oldrel-macos-x86_64