Last updated on 2025-07-20 01:49:42 CEST.
Flavor | Version | Tinstall | Tcheck | Ttotal | Status | Flags |
---|---|---|---|---|---|---|
r-devel-linux-x86_64-debian-clang | 1.9.4 | 104.40 | 87.06 | 191.46 | OK | |
r-devel-linux-x86_64-debian-gcc | 1.9.4 | 87.00 | 65.79 | 152.79 | OK | |
r-devel-linux-x86_64-fedora-clang | 1.9.4 | 292.85 | NOTE | |||
r-devel-linux-x86_64-fedora-gcc | 1.9.4 | 371.60 | NOTE | |||
r-devel-windows-x86_64 | 1.9.4 | 122.00 | 267.00 | 389.00 | OK | |
r-patched-linux-x86_64 | 1.9.4 | 125.02 | 87.15 | 212.17 | OK | |
r-release-linux-x86_64 | 1.9.4 | 124.83 | 86.74 | 211.57 | OK | |
r-release-macos-arm64 | 1.9.4 | 106.00 | OK | |||
r-release-macos-x86_64 | 1.9.4 | 200.00 | OK | |||
r-release-windows-x86_64 | 1.9.4 | 124.00 | 286.00 | 410.00 | OK | |
r-oldrel-macos-arm64 | 1.9.4 | 99.00 | NOTE | |||
r-oldrel-macos-x86_64 | 1.9.4 | 248.00 | NOTE | |||
r-oldrel-windows-x86_64 | 1.9.4 | 144.00 | 299.00 | 443.00 | NOTE |
Version: 1.9.4
Check: dependencies in R code
Result: NOTE
Namespace in Imports field not imported from: ‘scales’
All declared Imports should be used.
Flavors: r-devel-linux-x86_64-fedora-clang, r-devel-linux-x86_64-fedora-gcc
Version: 1.9.4
Check: installed package size
Result: NOTE
installed size is 37.2Mb
sub-directories of 1Mb or more:
doc 1.3Mb
libs 35.5Mb
Flavors: r-oldrel-macos-arm64, r-oldrel-macos-x86_64
Version: 1.9.4
Check: for GNU extensions in Makefiles
Result: NOTE
GNU make is a SystemRequirements.
Flavors: r-oldrel-macos-arm64, r-oldrel-macos-x86_64, r-oldrel-windows-x86_64