CRAN Package Check Results for Package Statamarkdown

Last updated on 2025-07-16 23:49:29 CEST.

Flavor Version Tinstall Tcheck Ttotal Status Flags
r-devel-linux-x86_64-debian-clang 0.9.2 2.30 24.87 27.17 NOTE
r-devel-linux-x86_64-debian-gcc 0.9.2 1.80 21.05 22.85 NOTE
r-devel-linux-x86_64-fedora-clang 0.9.2 41.64 OK
r-devel-linux-x86_64-fedora-gcc 0.9.2 38.86 OK
r-devel-windows-x86_64 0.9.2 3.00 49.00 52.00 NOTE
r-patched-linux-x86_64 0.9.2 1.66 22.90 24.56 NOTE
r-release-linux-x86_64 0.9.2 2.18 22.96 25.14 NOTE
r-release-macos-arm64 0.9.2 23.00 OK
r-release-macos-x86_64 0.9.2 39.00 OK
r-release-windows-x86_64 0.9.2 4.00 50.00 54.00 NOTE
r-oldrel-macos-arm64 0.9.2 18.00 OK
r-oldrel-macos-x86_64 0.9.2 33.00 OK
r-oldrel-windows-x86_64 0.9.2 4.00 55.00 59.00 OK

Check Details

Version: 0.9.2
Check: Rd cross-references
Result: NOTE Found the following Rd file(s) with Rd \link{} targets missing package anchors: Statamarkdown-package.rd: knitr-package stata_engine.rd: knit_engines Please provide package anchors for all Rd \link{} targets not in the package itself and the base packages. Flavors: r-devel-linux-x86_64-debian-clang, r-devel-linux-x86_64-debian-gcc, r-devel-windows-x86_64, r-patched-linux-x86_64, r-release-linux-x86_64, r-release-windows-x86_64