Last updated on 2025-07-15 23:51:34 CEST.
Flavor | Version | Tinstall | Tcheck | Ttotal | Status | Flags |
---|---|---|---|---|---|---|
r-devel-linux-x86_64-debian-clang | 0.2.0 | 8.16 | 64.04 | 72.20 | NOTE | |
r-devel-linux-x86_64-debian-gcc | 0.2.0 | 6.31 | 48.32 | 54.63 | NOTE | |
r-devel-linux-x86_64-fedora-clang | 0.2.0 | 109.59 | OK | |||
r-devel-linux-x86_64-fedora-gcc | 0.2.0 | 105.33 | OK | |||
r-devel-windows-x86_64 | 0.2.0 | 8.00 | 72.00 | 80.00 | OK | |
r-patched-linux-x86_64 | 0.2.0 | 8.41 | 60.33 | 68.74 | OK | |
r-release-linux-x86_64 | 0.2.0 | 7.68 | 60.17 | 67.85 | OK | |
r-release-macos-arm64 | 0.2.0 | 37.00 | OK | |||
r-release-macos-x86_64 | 0.2.0 | 67.00 | OK | |||
r-release-windows-x86_64 | 0.2.0 | 10.00 | 74.00 | 84.00 | OK | |
r-oldrel-macos-arm64 | 0.2.0 | 33.00 | OK | |||
r-oldrel-macos-x86_64 | 0.2.0 | 51.00 | OK | |||
r-oldrel-windows-x86_64 | 0.2.0 | 11.00 | 90.00 | 101.00 | OK |
Version: 0.2.0
Check: CRAN incoming feasibility
Result: NOTE
Maintainer: ‘Everaldo Freitas Guedes <efgestatistico@gmail.com>’
The BugReports field in DESCRIPTION has
https://github.com/efguedes/SlidingWindows
which should likely be
https://github.com/efguedes/SlidingWindows/issues
instead.
Flavors: r-devel-linux-x86_64-debian-clang, r-devel-linux-x86_64-debian-gcc