CRAN Package Check Results for Package SkewHyperbolic

Last updated on 2025-07-20 14:50:47 CEST.

Flavor Version Tinstall Tcheck Ttotal Status Flags
r-devel-linux-x86_64-debian-clang 0.4-2 3.76 41.82 45.58 NOTE
r-devel-linux-x86_64-debian-gcc 0.4-2 2.48 31.29 33.77 NOTE
r-devel-linux-x86_64-fedora-clang 0.4-2 72.08 OK
r-devel-linux-x86_64-fedora-gcc 0.4-2 69.83 OK
r-devel-windows-x86_64 0.4-2 4.00 61.00 65.00 OK
r-patched-linux-x86_64 0.4-2 3.75 39.95 43.70 OK
r-release-linux-x86_64 0.4-2 3.41 39.55 42.96 OK
r-release-macos-arm64 0.4-2 27.00 OK
r-release-macos-x86_64 0.4-2 42.00 OK
r-release-windows-x86_64 0.4-2 4.00 62.00 66.00 OK
r-oldrel-macos-arm64 0.4-2 23.00 OK
r-oldrel-macos-x86_64 0.4-2 35.00 OK
r-oldrel-windows-x86_64 0.4-2 6.00 70.00 76.00 OK

Check Details

Version: 0.4-2
Check: CRAN incoming feasibility
Result: NOTE Maintainer: ‘David Scott <d.scott@auckland.ac.nz>’ No Authors@R field in DESCRIPTION. Please add one, modifying Authors@R: c(person(given = "David", family = "Scott", role = c("aut", "cre"), email = "d.scott@auckland.ac.nz"), person(given = "Fiona", family = "Grimson", role = "aut")) as necessary. Flavors: r-devel-linux-x86_64-debian-clang, r-devel-linux-x86_64-debian-gcc