CRAN Package Check Results for Package Sim.PLFN

Last updated on 2025-07-27 07:49:45 CEST.

Flavor Version Tinstall Tcheck Ttotal Status Flags
r-devel-linux-x86_64-debian-clang 1.0 2.27 25.93 28.20 NOTE
r-devel-linux-x86_64-debian-gcc 1.0 1.83 21.57 23.40 NOTE
r-devel-linux-x86_64-fedora-clang 1.0 42.72 OK
r-devel-linux-x86_64-fedora-gcc 1.0 42.03 OK
r-devel-windows-x86_64 1.0 5.00 59.00 64.00 OK
r-patched-linux-x86_64 1.0 2.52 24.26 26.78 OK
r-release-linux-x86_64 1.0 1.97 24.64 26.61 OK
r-release-macos-arm64 1.0 18.00 OK
r-release-macos-x86_64 1.0 32.00 OK
r-release-windows-x86_64 1.0 3.00 47.00 50.00 OK
r-oldrel-macos-arm64 1.0 18.00 OK
r-oldrel-macos-x86_64 1.0 25.00 OK
r-oldrel-windows-x86_64 1.0 3.00 53.00 56.00 OK

Check Details

Version: 1.0
Check: CRAN incoming feasibility
Result: NOTE Maintainer: ‘Abbas Parchami <parchami@uk.ac.ir>’ No Authors@R field in DESCRIPTION. Please add one, modifying Authors@R: person(given = "Abbas", family = "Parchami", role = c("aut", "cre"), email = "parchami@uk.ac.ir", comment = "Department of Statistics, Faculty of Mathematics and Computer, Shahid Bahonar University of Kerman, Kerman, Iran") as necessary. Flavors: r-devel-linux-x86_64-debian-clang, r-devel-linux-x86_64-debian-gcc