Last updated on 2025-07-17 11:50:48 CEST.
Flavor | Version | Tinstall | Tcheck | Ttotal | Status | Flags |
---|---|---|---|---|---|---|
r-devel-linux-x86_64-debian-clang | 1.3-8 | 19.24 | 34.24 | 53.48 | NOTE | |
r-devel-linux-x86_64-debian-gcc | 1.3-8 | 13.20 | 27.46 | 40.66 | NOTE | |
r-devel-linux-x86_64-fedora-clang | 1.3-8 | 90.43 | OK | |||
r-devel-linux-x86_64-fedora-gcc | 1.3-8 | 84.98 | OK | |||
r-devel-windows-x86_64 | 1.3-8 | 23.00 | 68.00 | 91.00 | OK | |
r-patched-linux-x86_64 | 1.3-8 | 17.78 | 31.29 | 49.07 | OK | |
r-release-linux-x86_64 | 1.3-8 | 17.73 | 31.00 | 48.73 | OK | |
r-release-macos-arm64 | 1.3-8 | 29.00 | OK | |||
r-release-macos-x86_64 | 1.3-8 | 44.00 | OK | |||
r-release-windows-x86_64 | 1.3-8 | 24.00 | 70.00 | 94.00 | OK | |
r-oldrel-macos-arm64 | 1.3-8 | 27.00 | OK | |||
r-oldrel-macos-x86_64 | 1.3-8 | 48.00 | OK | |||
r-oldrel-windows-x86_64 | 1.3-8 | 29.00 | 79.00 | 108.00 | OK |
Version: 1.3-8
Check: CRAN incoming feasibility
Result: NOTE
Maintainer: ‘Alexander Robitzsch <robitzsch@ipn.uni-kiel.de>’
No Authors@R field in DESCRIPTION.
Please add one, modifying
Authors@R: c(person(given = "Alexander",
family = "Robitzsch",
role = c("aut", "cre"),
email = "robitzsch@ipn.uni-kiel.de",
comment = c(ORCID = "0000-0002-8226-3132")),
person(given = "Oliver",
family = "Luedtke",
role = "aut",
comment = c(ORCID = "0000-0001-9744-3059")))
as necessary.
Package CITATION file contains call(s) to old-style personList() or
as.personList(). Please use c() on person objects instead.
Package CITATION file contains call(s) to old-style citEntry(). Please
use bibentry() instead.
Flavors: r-devel-linux-x86_64-debian-clang, r-devel-linux-x86_64-debian-gcc