Last updated on 2025-07-16 17:49:38 CEST.
Flavor | Version | Tinstall | Tcheck | Ttotal | Status | Flags |
---|---|---|---|---|---|---|
r-devel-linux-x86_64-debian-clang | 1.1 | 6.77 | 59.19 | 65.96 | NOTE | |
r-devel-linux-x86_64-debian-gcc | 1.1 | 5.05 | 45.87 | 50.92 | NOTE | |
r-devel-linux-x86_64-fedora-clang | 1.1 | 101.87 | OK | |||
r-devel-linux-x86_64-fedora-gcc | 1.1 | 97.72 | OK | |||
r-devel-windows-x86_64 | 1.1 | 9.00 | 68.00 | 77.00 | OK | |
r-patched-linux-x86_64 | 1.1 | 6.19 | 57.11 | 63.30 | OK | |
r-release-linux-x86_64 | 1.1 | 6.61 | 57.76 | 64.37 | OK | |
r-release-macos-arm64 | 1.1 | 44.00 | OK | |||
r-release-macos-x86_64 | 1.1 | 63.00 | OK | |||
r-release-windows-x86_64 | 1.1 | 8.00 | 78.00 | 86.00 | OK | |
r-oldrel-macos-arm64 | 1.1 | 33.00 | OK | |||
r-oldrel-macos-x86_64 | 1.1 | 47.00 | OK | |||
r-oldrel-windows-x86_64 | 1.1 | 12.00 | 83.00 | 95.00 | OK |
Version: 1.1
Check: CRAN incoming feasibility
Result: NOTE
Maintainer: ‘Yi Yang <yi.yang6@mcgill.ca>’
No Authors@R field in DESCRIPTION.
Please add one, modifying
Authors@R: c(person(given = "Chenglong",
family = "Ye",
role = "aut",
email = "yexxx323@umn.edu"),
person(given = "Yi",
family = "Yang",
role = c("aut", "cre"),
email = "yi.yang6@mcgill.ca"),
person(given = "Yuhong",
family = "Yang",
role = "aut",
email = "yyang@stat.umn.edu"))
as necessary.
Flavors: r-devel-linux-x86_64-debian-clang, r-devel-linux-x86_64-debian-gcc