Last updated on 2025-11-06 15:50:20 CET.
| Flavor | Version | Tinstall | Tcheck | Ttotal | Status | Flags |
|---|---|---|---|---|---|---|
| r-devel-linux-x86_64-debian-clang | 1.0.0 | 6.52 | 63.01 | 69.53 | NOTE | |
| r-devel-linux-x86_64-debian-gcc | 1.0.0 | 5.42 | 47.86 | 53.28 | NOTE | |
| r-devel-linux-x86_64-fedora-clang | 1.0.0 | 50.00 | 64.32 | 114.32 | OK | |
| r-devel-linux-x86_64-fedora-gcc | 1.0.0 | 58.00 | 51.61 | 109.61 | OK | |
| r-devel-windows-x86_64 | 1.0.0 | 8.00 | 74.00 | 82.00 | OK | |
| r-patched-linux-x86_64 | 1.0.0 | 7.20 | 59.36 | 66.56 | OK | |
| r-release-linux-x86_64 | 1.0.0 | 6.07 | 59.12 | 65.19 | OK | |
| r-release-macos-arm64 | 1.0.0 | 4.00 | 32.00 | 36.00 | OK | |
| r-release-macos-x86_64 | 1.0.0 | 7.00 | 58.00 | 65.00 | OK | |
| r-release-windows-x86_64 | 1.0.0 | 8.00 | 73.00 | 81.00 | OK | |
| r-oldrel-macos-arm64 | 1.0.0 | 3.00 | 28.00 | 31.00 | OK | |
| r-oldrel-macos-x86_64 | 1.0.0 | 5.00 | 45.00 | 50.00 | OK | |
| r-oldrel-windows-x86_64 | 1.0.0 | 10.00 | 92.00 | 102.00 | OK |
Version: 1.0.0
Check: CRAN incoming feasibility
Result: NOTE
Maintainer: ‘Xianyang Zhang <zhangxiany@stat.tamu.edu>’
No Authors@R field in DESCRIPTION.
Please add one, modifying
Authors@R: c(person(given = "Xianyang",
family = "Zhang",
role = c("aut", "cre"),
email = "zhangxiany@stat.tamu.edu"),
person(given = "Guang",
family = "Cheng",
role = "aut"),
person(given = "Jincheng",
family = "Bai",
role = "aut"))
as necessary.
Flavors: r-devel-linux-x86_64-debian-clang, r-devel-linux-x86_64-debian-gcc