Last updated on 2025-07-15 11:49:39 CEST.
Flavor | Version | Tinstall | Tcheck | Ttotal | Status | Flags |
---|---|---|---|---|---|---|
r-devel-linux-x86_64-debian-clang | 1.0.0 | 53.56 | 425.24 | 478.80 | OK | |
r-devel-linux-x86_64-debian-gcc | 1.0.0 | 40.60 | 294.83 | 335.43 | OK | |
r-devel-linux-x86_64-fedora-clang | 1.0.0 | 795.41 | OK | |||
r-devel-linux-x86_64-fedora-gcc | 1.0.0 | 728.72 | OK | |||
r-devel-windows-x86_64 | 1.0.0 | 52.00 | 338.00 | 390.00 | OK | |
r-patched-linux-x86_64 | 1.0.0 | 53.21 | 403.00 | 456.21 | OK | |
r-release-linux-x86_64 | 1.0.0 | 47.77 | 396.89 | 444.66 | OK | |
r-release-macos-arm64 | 1.0.0 | 178.00 | OK | |||
r-release-macos-x86_64 | 1.0.0 | 473.00 | OK | |||
r-release-windows-x86_64 | 1.0.0 | 52.00 | 343.00 | 395.00 | OK | |
r-oldrel-macos-arm64 | 1.0.0 | 192.00 | OK | |||
r-oldrel-macos-x86_64 | 1.0.0 | 265.00 | NOTE | |||
r-oldrel-windows-x86_64 | 1.0.0 | 71.00 | 454.00 | 525.00 | OK |
Version: 1.0.0
Check: package dependencies
Result: NOTE
Package suggested but not available for checking: ‘Linnorm’
Flavor: r-oldrel-macos-x86_64