CRAN Package Check Results for Package SCOR

Last updated on 2025-07-17 05:50:03 CEST.

Flavor Version Tinstall Tcheck Ttotal Status Flags
r-devel-linux-x86_64-debian-clang 1.1.2 2.13 25.91 28.04 NOTE
r-devel-linux-x86_64-debian-gcc 1.1.2 1.80 20.29 22.09 NOTE
r-devel-linux-x86_64-fedora-clang 1.1.2 42.98 OK
r-devel-linux-x86_64-fedora-gcc 1.1.2 40.74 OK
r-devel-windows-x86_64 1.1.2 3.00 45.00 48.00 OK
r-patched-linux-x86_64 1.1.2 2.44 23.66 26.10 OK
r-release-linux-x86_64 1.1.2 2.38 23.43 25.81 OK
r-release-macos-arm64 1.1.2 18.00 OK
r-release-macos-x86_64 1.1.2 26.00 OK
r-release-windows-x86_64 1.1.2 4.00 46.00 50.00 OK
r-oldrel-macos-arm64 1.1.2 17.00 OK
r-oldrel-macos-x86_64 1.1.2 24.00 OK
r-oldrel-windows-x86_64 1.1.2 4.00 54.00 58.00 OK

Check Details

Version: 1.1.2
Check: CRAN incoming feasibility
Result: NOTE Maintainer: ‘Debsurya De <debsurya001@gmail.com>’ The Description field contains <arXiv:1909.04024> . Please refer to arXiv e-prints via their arXiv DOI <doi:10.48550/arXiv.YYMM.NNNNN>. Flavors: r-devel-linux-x86_64-debian-clang, r-devel-linux-x86_64-debian-gcc