Last updated on 2025-07-19 19:50:01 CEST.
Flavor | Version | Tinstall | Tcheck | Ttotal | Status | Flags |
---|---|---|---|---|---|---|
r-devel-linux-x86_64-debian-clang | 1.0.4 | 52.47 | 79.36 | 131.83 | OK | |
r-devel-linux-x86_64-debian-gcc | 1.0.4 | 35.11 | 60.64 | 95.75 | OK | |
r-devel-linux-x86_64-fedora-clang | 1.0.4 | 230.36 | NOTE | |||
r-devel-linux-x86_64-fedora-gcc | 1.0.4 | 212.63 | NOTE | |||
r-devel-windows-x86_64 | 1.0.4 | 62.00 | 114.00 | 176.00 | OK | |
r-patched-linux-x86_64 | 1.0.4 | 55.20 | 76.18 | 131.38 | OK | |
r-release-linux-x86_64 | 1.0.4 | 52.40 | 75.56 | 127.96 | OK | |
r-release-macos-arm64 | 1.0.4 | 53.00 | OK | |||
r-release-macos-x86_64 | 1.0.4 | 102.00 | OK | |||
r-release-windows-x86_64 | 1.0.4 | 61.00 | 110.00 | 171.00 | OK | |
r-oldrel-macos-arm64 | 1.0.4 | 61.00 | NOTE | |||
r-oldrel-macos-x86_64 | 1.0.4 | 105.00 | NOTE | |||
r-oldrel-windows-x86_64 | 1.0.4 | 73.00 | 135.00 | 208.00 | NOTE |
Version: 1.0.4
Check: dependencies in R code
Result: NOTE
Namespaces in Imports field not imported from:
‘httr’ ‘jsonlite’
All declared Imports should be used.
Flavors: r-devel-linux-x86_64-fedora-clang, r-devel-linux-x86_64-fedora-gcc
Version: 1.0.4
Check: for GNU extensions in Makefiles
Result: NOTE
GNU make is a SystemRequirements.
Flavors: r-oldrel-macos-arm64, r-oldrel-macos-x86_64, r-oldrel-windows-x86_64