CRAN Package Check Results for Package Rexperigen

Last updated on 2025-07-16 05:49:33 CEST.

Flavor Version Tinstall Tcheck Ttotal Status Flags
r-devel-linux-x86_64-debian-clang 0.2.1 1.92 22.38 24.30 OK
r-devel-linux-x86_64-debian-gcc 0.2.1 1.50 18.36 19.86 OK
r-devel-linux-x86_64-fedora-clang 0.2.1 37.23 OK
r-devel-linux-x86_64-fedora-gcc 0.2.1 58.82 OK
r-devel-windows-x86_64 0.2.1 3.00 45.00 48.00 OK
r-patched-linux-x86_64 0.2.1 2.02 20.95 22.97 OK
r-release-linux-x86_64 0.2.1 1.89 21.00 22.89 OK
r-release-macos-arm64 0.2.1 30.00 OK
r-release-macos-x86_64 0.2.1 84.00 OK
r-release-windows-x86_64 0.2.1 3.00 48.00 51.00 OK
r-oldrel-macos-arm64 0.2.1 29.00 NOTE
r-oldrel-macos-x86_64 0.2.1 56.00 NOTE
r-oldrel-windows-x86_64 0.2.1 3.00 51.00 54.00 NOTE

Check Details

Version: 0.2.1
Check: LazyData
Result: NOTE 'LazyData' is specified without a 'data' directory Flavors: r-oldrel-macos-arm64, r-oldrel-macos-x86_64, r-oldrel-windows-x86_64