CRAN Package Check Results for Package ReportSubtotal

Last updated on 2025-07-16 17:49:34 CEST.

Flavor Version Tinstall Tcheck Ttotal Status Flags
r-devel-linux-x86_64-debian-clang 0.1.2 3.61 34.30 37.91 OK
r-devel-linux-x86_64-debian-gcc 0.1.2 2.75 25.08 27.83 OK
r-devel-linux-x86_64-fedora-clang 0.1.2 58.66 NOTE
r-devel-linux-x86_64-fedora-gcc 0.1.2 54.79 NOTE
r-devel-windows-x86_64 0.1.2 5.00 51.00 56.00 OK
r-patched-linux-x86_64 0.1.2 4.16 31.68 35.84 OK
r-release-linux-x86_64 0.1.2 4.08 31.74 35.82 OK
r-release-macos-arm64 0.1.2 22.00 OK
r-release-macos-x86_64 0.1.2 38.00 OK
r-release-windows-x86_64 0.1.2 6.00 51.00 57.00 OK
r-oldrel-macos-arm64 0.1.2 27.00 OK
r-oldrel-macos-x86_64 0.1.2 42.00 OK
r-oldrel-windows-x86_64 0.1.2 7.00 60.00 67.00 OK

Check Details

Version: 0.1.2
Check: dependencies in R code
Result: NOTE Namespace in Imports field not imported from: ‘tidyselect’ All declared Imports should be used. Flavors: r-devel-linux-x86_64-fedora-clang, r-devel-linux-x86_64-fedora-gcc