CRAN Package Check Results for Package RedditExtractoR

Last updated on 2025-07-15 23:51:30 CEST.

Flavor Version Tinstall Tcheck Ttotal Status Flags
r-devel-linux-x86_64-debian-clang 3.0.9 1.95 23.03 24.98 NOTE
r-devel-linux-x86_64-debian-gcc 3.0.9 1.74 19.06 20.80 NOTE
r-devel-linux-x86_64-fedora-clang 3.0.9 37.58 OK
r-devel-linux-x86_64-fedora-gcc 3.0.9 36.01 OK
r-devel-windows-x86_64 3.0.9 4.00 47.00 51.00 OK
r-patched-linux-x86_64 3.0.9 2.34 20.90 23.24 OK
r-release-linux-x86_64 3.0.9 2.10 20.98 23.08 OK
r-release-macos-arm64 3.0.9 15.00 OK
r-release-macos-x86_64 3.0.9 25.00 OK
r-release-windows-x86_64 3.0.9 3.00 47.00 50.00 OK
r-oldrel-macos-arm64 3.0.9 16.00 OK
r-oldrel-macos-x86_64 3.0.9 23.00 OK
r-oldrel-windows-x86_64 3.0.9 3.00 50.00 53.00 OK

Check Details

Version: 3.0.9
Check: CRAN incoming feasibility
Result: NOTE Maintainer: ‘Ivan Rivera <ivan.s.rivera@gmail.com>’ No Authors@R field in DESCRIPTION. Please add one, modifying Authors@R: person(given = "Ivan", family = "Rivera", role = c("aut", "cre"), email = "ivan.s.rivera@gmail.com") as necessary. Flavors: r-devel-linux-x86_64-debian-clang, r-devel-linux-x86_64-debian-gcc