Last updated on 2025-07-16 17:49:33 CEST.
Flavor | Version | Tinstall | Tcheck | Ttotal | Status | Flags |
---|---|---|---|---|---|---|
r-devel-linux-x86_64-debian-clang | 0.3.3 | 6.76 | 70.34 | 77.10 | NOTE | |
r-devel-linux-x86_64-debian-gcc | 0.3.3 | 5.19 | 53.02 | 58.21 | NOTE | |
r-devel-linux-x86_64-fedora-clang | 0.3.3 | 124.59 | OK | |||
r-devel-linux-x86_64-fedora-gcc | 0.3.3 | 134.55 | OK | |||
r-devel-windows-x86_64 | 0.3.3 | 8.00 | 109.00 | 117.00 | OK | |
r-patched-linux-x86_64 | 0.3.3 | 6.96 | 67.03 | 73.99 | OK | |
r-release-linux-x86_64 | 0.3.3 | 6.32 | 66.19 | 72.51 | OK | |
r-release-macos-arm64 | 0.3.3 | 56.00 | OK | |||
r-release-macos-x86_64 | 0.3.3 | 86.00 | OK | |||
r-release-windows-x86_64 | 0.3.3 | 8.00 | 126.00 | 134.00 | OK | |
r-oldrel-macos-arm64 | 0.3.3 | 44.00 | OK | |||
r-oldrel-macos-x86_64 | 0.3.3 | 63.00 | OK | |||
r-oldrel-windows-x86_64 | 0.3.3 | 9.00 | 109.00 | 118.00 | OK |
Version: 0.3.3
Check: CRAN incoming feasibility
Result: NOTE
Maintainer: ‘Qiao Liu <liuqiao@stanford.edu>’
The Description field contains
methods is given in Liu (2022) <arXiv:2212.05925>.
Please refer to arXiv e-prints via their arXiv DOI <doi:10.48550/arXiv.YYMM.NNNNN>.
Flavors: r-devel-linux-x86_64-debian-clang, r-devel-linux-x86_64-debian-gcc