CRAN Package Check Results for Package RamanMP

Last updated on 2025-07-16 17:49:33 CEST.

Flavor Version Tinstall Tcheck Ttotal Status Flags
r-devel-linux-x86_64-debian-clang 1.0 8.82 82.87 91.69 NOTE
r-devel-linux-x86_64-debian-gcc 1.0 6.30 58.36 64.66 NOTE
r-devel-linux-x86_64-fedora-clang 1.0 145.15 OK
r-devel-linux-x86_64-fedora-gcc 1.0 133.61 OK
r-devel-windows-x86_64 1.0 11.00 96.00 107.00 OK
r-patched-linux-x86_64 1.0 7.93 77.20 85.13 OK
r-release-linux-x86_64 1.0 9.28 76.29 85.57 OK
r-release-macos-arm64 1.0 40.00 OK
r-release-macos-x86_64 1.0 84.00 OK
r-release-windows-x86_64 1.0 11.00 97.00 108.00 OK
r-oldrel-macos-arm64 1.0 41.00 OK
r-oldrel-macos-x86_64 1.0 61.00 OK
r-oldrel-windows-x86_64 1.0 15.00 125.00 140.00 OK

Check Details

Version: 1.0
Check: CRAN incoming feasibility
Result: NOTE Maintainer: ‘Veronica Nava <veronicanava245@gmail.com>’ No Authors@R field in DESCRIPTION. Please add one, modifying Authors@R: c(person(given = "Veronica", family = "Nava", role = c("aut", "cre"), email = "veronicanava245@gmail.com"), person(given = c("Maria", "Luce"), family = "Frezzotti", role = "ctb"), person(given = "Barbara", family = "Leoni", role = "ctb")) as necessary. Package CITATION file contains call(s) to old-style personList() or as.personList(). Please use c() on person objects instead. Package CITATION file contains call(s) to old-style citEntry(). Please use bibentry() instead. Flavors: r-devel-linux-x86_64-debian-clang, r-devel-linux-x86_64-debian-gcc