Last updated on 2025-07-15 17:50:17 CEST.
Flavor | Version | Tinstall | Tcheck | Ttotal | Status | Flags |
---|---|---|---|---|---|---|
r-devel-linux-x86_64-debian-clang | 0.9.4 | 39.92 | 341.35 | 381.27 | OK | |
r-devel-linux-x86_64-debian-gcc | 0.9.4 | 24.76 | 215.51 | 240.27 | OK | |
r-devel-linux-x86_64-fedora-clang | 0.9.5 | 313.18 | OK | |||
r-devel-linux-x86_64-fedora-gcc | 0.9.5 | 332.86 | OK | |||
r-devel-windows-x86_64 | 0.9.4 | 44.00 | 330.00 | 374.00 | OK | |
r-patched-linux-x86_64 | 0.9.4 | 38.01 | 302.71 | 340.72 | OK | |
r-release-linux-x86_64 | 0.9.4 | 37.07 | 309.89 | 346.96 | OK | |
r-release-macos-arm64 | 0.9.4 | 146.00 | OK | |||
r-release-macos-x86_64 | 0.9.5 | 287.00 | OK | |||
r-release-windows-x86_64 | 0.9.4 | 47.00 | 339.00 | 386.00 | OK | |
r-oldrel-macos-arm64 | 0.9.4 | 169.00 | NOTE | |||
r-oldrel-macos-x86_64 | 0.9.5 | 297.00 | NOTE | |||
r-oldrel-windows-x86_64 | 0.9.4 | 55.00 | 416.00 | 471.00 | NOTE |
Version: 0.9.4
Check: installed package size
Result: NOTE
installed size is 5.6Mb
sub-directories of 1Mb or more:
doc 3.9Mb
libs 1.6Mb
Flavors: r-oldrel-macos-arm64, r-oldrel-windows-x86_64
Version: 0.9.5
Check: installed package size
Result: NOTE
installed size is 5.7Mb
sub-directories of 1Mb or more:
doc 3.9Mb
libs 1.6Mb
Flavor: r-oldrel-macos-x86_64