Last updated on 2025-07-22 16:49:45 CEST.
Flavor | Version | Tinstall | Tcheck | Ttotal | Status | Flags |
---|---|---|---|---|---|---|
r-devel-linux-x86_64-debian-clang | 0.1.3 | 3.78 | 29.74 | 33.52 | ERROR | |
r-devel-linux-x86_64-debian-gcc | 0.1.3 | 2.71 | 23.70 | 26.41 | ERROR | |
r-devel-linux-x86_64-fedora-clang | 0.1.3 | 53.67 | ERROR | |||
r-devel-linux-x86_64-fedora-gcc | 0.1.3 | 65.98 | ERROR | |||
r-devel-windows-x86_64 | 0.1.3 | 6.00 | 49.00 | 55.00 | NOTE | |
r-patched-linux-x86_64 | 0.1.3 | 3.62 | 27.74 | 31.36 | NOTE | |
r-release-linux-x86_64 | 0.1.3 | 3.56 | 27.76 | 31.32 | NOTE | |
r-release-macos-arm64 | 0.1.3 | 30.00 | NOTE | |||
r-release-macos-x86_64 | 0.1.3 | 49.00 | NOTE | |||
r-release-windows-x86_64 | 0.1.3 | 6.00 | 49.00 | 55.00 | NOTE | |
r-oldrel-macos-arm64 | 0.1.3 | 26.00 | NOTE | |||
r-oldrel-macos-x86_64 | 0.1.3 | 38.00 | NOTE | |||
r-oldrel-windows-x86_64 | 0.1.3 | 6.00 | 54.00 | 60.00 | NOTE |
Version: 0.1.3
Check: package subdirectories
Result: NOTE
Problems with news in ‘NEWS.md’:
No news entries found.
Flavors: r-devel-linux-x86_64-debian-clang, r-devel-linux-x86_64-debian-gcc, r-devel-linux-x86_64-fedora-clang, r-devel-linux-x86_64-fedora-gcc, r-devel-windows-x86_64, r-patched-linux-x86_64, r-release-linux-x86_64, r-release-macos-arm64, r-release-macos-x86_64, r-release-windows-x86_64, r-oldrel-macos-arm64, r-oldrel-macos-x86_64, r-oldrel-windows-x86_64
Version: 0.1.3
Check: tests
Result: ERROR
Running ‘spelling.R’ [0s/0s]
Running ‘testthat.R’ [2s/3s]
Running the tests in ‘tests/testthat.R’ failed.
Complete output:
>
> library(testthat)
> library(RTTWebClient)
> test_check("RTTWebClient")
[1] "1 - parse error: premature EOF\n \n (right here) ------^\n"
[1] "1 - parse error: premature EOF\n \n (right here) ------^\n"
[ FAIL 2 | WARN 0 | SKIP 0 | PASS 0 ]
══ Failed tests ════════════════════════════════════════════════════════════════
── Error ('testTicks.R:32:5'): Is Last 10 ticks right format ───────────────────
Error in `value[[3L]](cond)`: parse error: premature EOF
(right here) ------^
Backtrace:
▆
1. ├─vcr::use_cassette(...) at testTicks.R:31:3
2. │ └─cassette$call_block(...)
3. └─rhost$GetTickHistory("EURUSD", reqTime, reqTime, count = -10) at testTicks.R:32:5
4. └─RTTWebClient:::GetTicks(...)
5. └─RTTWebClient:::Throttling(...)
6. └─base::tryCatch(...)
7. └─base (local) tryCatchList(expr, classes, parentenv, handlers)
8. └─base (local) tryCatchOne(expr, names, parentenv, handlers[[1L]])
9. └─value[[3L]](cond)
── Error ('testTicks.R:41:5'): Is Last 10 Bars right format ────────────────────
Error in `value[[3L]](cond)`: parse error: premature EOF
(right here) ------^
Backtrace:
▆
1. ├─vcr::use_cassette(...) at testTicks.R:40:3
2. │ └─cassette$call_block(...)
3. └─rhost$GetBarsHistory(...) at testTicks.R:41:5
4. └─RTTWebClient:::GetBars(...)
5. └─RTTWebClient:::Throttling(...)
6. └─base::tryCatch(...)
7. └─base (local) tryCatchList(expr, classes, parentenv, handlers)
8. └─base (local) tryCatchOne(expr, names, parentenv, handlers[[1L]])
9. └─value[[3L]](cond)
[ FAIL 2 | WARN 0 | SKIP 0 | PASS 0 ]
Error: Test failures
Execution halted
Flavors: r-devel-linux-x86_64-debian-clang, r-devel-linux-x86_64-debian-gcc
Version: 0.1.3
Check: tests
Result: ERROR
Running ‘spelling.R’
Running ‘testthat.R’
Running the tests in ‘tests/testthat.R’ failed.
Complete output:
>
> library(testthat)
> library(RTTWebClient)
> test_check("RTTWebClient")
[1] "1 - parse error: premature EOF\n \n (right here) ------^\n"
[1] "1 - parse error: premature EOF\n \n (right here) ------^\n"
[ FAIL 2 | WARN 0 | SKIP 0 | PASS 0 ]
══ Failed tests ════════════════════════════════════════════════════════════════
── Error ('testTicks.R:32:5'): Is Last 10 ticks right format ───────────────────
Error in `value[[3L]](cond)`: parse error: premature EOF
(right here) ------^
Backtrace:
▆
1. ├─vcr::use_cassette(...) at testTicks.R:31:3
2. │ └─cassette$call_block(...)
3. └─rhost$GetTickHistory("EURUSD", reqTime, reqTime, count = -10) at testTicks.R:32:5
4. └─RTTWebClient:::GetTicks(...)
5. └─RTTWebClient:::Throttling(...)
6. └─base::tryCatch(...)
7. └─base (local) tryCatchList(expr, classes, parentenv, handlers)
8. └─base (local) tryCatchOne(expr, names, parentenv, handlers[[1L]])
9. └─value[[3L]](cond)
── Error ('testTicks.R:41:5'): Is Last 10 Bars right format ────────────────────
Error in `value[[3L]](cond)`: parse error: premature EOF
(right here) ------^
Backtrace:
▆
1. ├─vcr::use_cassette(...) at testTicks.R:40:3
2. │ └─cassette$call_block(...)
3. └─rhost$GetBarsHistory(...) at testTicks.R:41:5
4. └─RTTWebClient:::GetBars(...)
5. └─RTTWebClient:::Throttling(...)
6. └─base::tryCatch(...)
7. └─base (local) tryCatchList(expr, classes, parentenv, handlers)
8. └─base (local) tryCatchOne(expr, names, parentenv, handlers[[1L]])
9. └─value[[3L]](cond)
[ FAIL 2 | WARN 0 | SKIP 0 | PASS 0 ]
Error: Test failures
Execution halted
Flavors: r-devel-linux-x86_64-fedora-clang, r-devel-linux-x86_64-fedora-gcc