Last updated on 2025-07-20 07:48:42 CEST.
Flavor | Version | Tinstall | Tcheck | Ttotal | Status | Flags |
---|---|---|---|---|---|---|
r-devel-linux-x86_64-debian-clang | 1.2.2 | 12.26 | 104.81 | 117.07 | NOTE | |
r-devel-linux-x86_64-debian-gcc | 1.2.2 | 8.75 | 78.04 | 86.79 | NOTE | |
r-devel-linux-x86_64-fedora-clang | 1.2.2 | 180.71 | OK | |||
r-devel-linux-x86_64-fedora-gcc | 1.2.2 | 172.87 | OK | |||
r-devel-windows-x86_64 | 1.2.2 | 13.00 | 114.00 | 127.00 | NOTE | |
r-patched-linux-x86_64 | 1.2.2 | 11.41 | 99.39 | 110.80 | NOTE | |
r-release-linux-x86_64 | 1.2.2 | 11.59 | 99.08 | 110.67 | NOTE | |
r-release-macos-arm64 | 1.2.2 | 52.00 | OK | |||
r-release-macos-x86_64 | 1.2.2 | 106.00 | OK | |||
r-release-windows-x86_64 | 1.2.2 | 14.00 | 115.00 | 129.00 | NOTE | |
r-oldrel-macos-arm64 | 1.2.2 | 52.00 | OK | |||
r-oldrel-macos-x86_64 | 1.2.2 | 76.00 | OK | |||
r-oldrel-windows-x86_64 | 1.2.2 | 17.00 | 143.00 | 160.00 | OK |
Version: 1.2.2
Check: Rd cross-references
Result: NOTE
Found the following Rd file(s) with Rd \link{} targets missing package
anchors:
ci.Rd: lavaan
mbco.Rd: mxOption
Please provide package anchors for all Rd \link{} targets not in the
package itself and the base packages.
Flavors: r-devel-linux-x86_64-debian-clang, r-devel-linux-x86_64-debian-gcc, r-devel-windows-x86_64, r-patched-linux-x86_64, r-release-linux-x86_64, r-release-windows-x86_64