Last updated on 2025-07-16 11:50:46 CEST.
Flavor | Version | Tinstall | Tcheck | Ttotal | Status | Flags |
---|---|---|---|---|---|---|
r-devel-linux-x86_64-debian-clang | 0.1.0 | 63.89 | 58.19 | 122.08 | OK | |
r-devel-linux-x86_64-debian-gcc | 0.1.0 | 49.06 | 43.92 | 92.98 | OK | |
r-devel-linux-x86_64-fedora-clang | 0.1.0 | 201.86 | OK | |||
r-devel-linux-x86_64-fedora-gcc | 0.1.0 | 216.60 | OK | |||
r-devel-windows-x86_64 | 0.1.0 | 67.00 | 93.00 | 160.00 | OK | |
r-patched-linux-x86_64 | 0.1.0 | 73.97 | 56.61 | 130.58 | OK | |
r-release-linux-x86_64 | 0.1.0 | 74.19 | 55.22 | 129.41 | OK | |
r-release-macos-arm64 | 0.1.0 | 59.00 | OK | |||
r-release-macos-x86_64 | 0.1.0 | 109.00 | OK | |||
r-release-windows-x86_64 | 0.1.0 | 69.00 | 101.00 | 170.00 | OK | |
r-oldrel-macos-arm64 | 0.1.0 | 57.00 | NOTE | |||
r-oldrel-macos-x86_64 | 0.1.0 | 118.00 | NOTE | |||
r-oldrel-windows-x86_64 | 0.1.0 | 85.00 | 117.00 | 202.00 | OK |
Version: 0.1.0
Check: installed package size
Result: NOTE
installed size is 9.2Mb
sub-directories of 1Mb or more:
libs 8.6Mb
Flavors: r-oldrel-macos-arm64, r-oldrel-macos-x86_64