Last updated on 2025-07-16 05:49:30 CEST.
Flavor | Version | Tinstall | Tcheck | Ttotal | Status | Flags |
---|---|---|---|---|---|---|
r-devel-linux-x86_64-debian-clang | 1.2.14 | 27.94 | 244.73 | 272.67 | NOTE | |
r-devel-linux-x86_64-debian-gcc | 1.2.14 | 16.14 | 155.56 | 171.70 | NOTE | |
r-devel-linux-x86_64-fedora-clang | 1.2.14 | 414.32 | OK | |||
r-devel-linux-x86_64-fedora-gcc | 1.2.14 | 409.25 | OK | |||
r-devel-windows-x86_64 | 1.2.14 | 27.00 | 226.00 | 253.00 | NOTE | |
r-patched-linux-x86_64 | 1.2.14 | 26.54 | 222.99 | 249.53 | NOTE | |
r-release-linux-x86_64 | 1.2.14 | 26.25 | 218.70 | 244.95 | NOTE | |
r-release-macos-arm64 | 1.2.14 | 104.00 | OK | |||
r-release-macos-x86_64 | 1.2.14 | 223.00 | OK | |||
r-release-windows-x86_64 | 1.2.14 | 28.00 | 227.00 | 255.00 | NOTE | |
r-oldrel-macos-arm64 | 1.2.14 | 99.00 | OK | |||
r-oldrel-macos-x86_64 | 1.2.14 | 177.00 | OK | |||
r-oldrel-windows-x86_64 | 1.2.14 | 37.00 | 290.00 | 327.00 | OK |
Version: 1.2.14
Check: Rd cross-references
Result: NOTE
Found the following Rd file(s) with Rd \link{} targets missing package
anchors:
PCMOptions.Rd: vcv
PCMTreeVCV.Rd: vcv
Please provide package anchors for all Rd \link{} targets not in the
package itself and the base packages.
Flavors: r-devel-linux-x86_64-debian-clang, r-devel-linux-x86_64-debian-gcc, r-devel-windows-x86_64, r-patched-linux-x86_64, r-release-linux-x86_64, r-release-windows-x86_64