CRAN Package Check Results for Package OrdNor

Last updated on 2025-07-16 17:49:31 CEST.

Flavor Version Tinstall Tcheck Ttotal Status Flags
r-devel-linux-x86_64-debian-clang 2.2.3 5.87 53.67 59.54 NOTE
r-devel-linux-x86_64-debian-gcc 2.2.3 5.03 40.92 45.95 NOTE
r-devel-linux-x86_64-fedora-clang 2.2.3 91.28 OK
r-devel-linux-x86_64-fedora-gcc 2.2.3 88.11 OK
r-devel-windows-x86_64 2.2.3 7.00 69.00 76.00 OK
r-patched-linux-x86_64 2.2.3 6.36 51.26 57.62 OK
r-release-linux-x86_64 2.2.3 5.30 51.93 57.23 OK
r-release-macos-arm64 2.2.3 33.00 OK
r-release-macos-x86_64 2.2.3 51.00 OK
r-release-windows-x86_64 2.2.3 7.00 74.00 81.00 OK
r-oldrel-macos-arm64 2.2.3 29.00 OK
r-oldrel-macos-x86_64 2.2.3 42.00 OK
r-oldrel-windows-x86_64 2.2.3 9.00 81.00 90.00 OK

Check Details

Version: 2.2.3
Check: CRAN incoming feasibility
Result: NOTE Maintainer: ‘Ran Gao <rgao8@uic.edu>’ No Authors@R field in DESCRIPTION. Please add one, modifying Authors@R: c(person(given = "Anup", family = "Amatya", role = "aut"), person(given = "Hakan", family = "Demirtas", role = "aut"), person(given = "Ran", family = "Gao", role = c("aut", "cre"), email = "rgao8@uic.edu")) as necessary. Flavors: r-devel-linux-x86_64-debian-clang, r-devel-linux-x86_64-debian-gcc