Last updated on 2025-07-16 11:50:44 CEST.
Flavor | Version | Tinstall | Tcheck | Ttotal | Status | Flags |
---|---|---|---|---|---|---|
r-devel-linux-x86_64-debian-clang | 6.1 | 56.80 | 68.98 | 125.78 | OK | |
r-devel-linux-x86_64-debian-gcc | 6.1 | 40.39 | 47.81 | 88.20 | OK | |
r-devel-linux-x86_64-fedora-clang | 6.1 | 199.91 | OK | |||
r-devel-linux-x86_64-fedora-gcc | 6.1 | 210.12 | OK | |||
r-devel-windows-x86_64 | 6.1 | 54.00 | 98.00 | 152.00 | OK | |
r-patched-linux-x86_64 | 6.1 | 58.35 | 64.81 | 123.16 | OK | |
r-release-linux-x86_64 | 6.1 | 59.13 | 66.27 | 125.40 | OK | |
r-release-macos-arm64 | 6.1 | 52.00 | OK | |||
r-release-macos-x86_64 | 6.1 | 151.00 | OK | |||
r-release-windows-x86_64 | 6.1 | 58.00 | 108.00 | 166.00 | OK | |
r-oldrel-macos-arm64 | 6.1 | 54.00 | NOTE | |||
r-oldrel-macos-x86_64 | 6.1 | 115.00 | NOTE | |||
r-oldrel-windows-x86_64 | 6.1 | 70.00 | 122.00 | 192.00 | OK |
Version: 6.1
Check: installed package size
Result: NOTE
installed size is 7.1Mb
sub-directories of 1Mb or more:
libs 6.6Mb
Flavors: r-oldrel-macos-arm64, r-oldrel-macos-x86_64