Last updated on 2025-07-12 22:49:15 CEST.
Flavor | Version | Tinstall | Tcheck | Ttotal | Status | Flags |
---|---|---|---|---|---|---|
r-devel-linux-x86_64-debian-clang | 1.5.0 | 85.20 | 227.77 | 312.97 | OK | |
r-devel-linux-x86_64-debian-gcc | 1.5.0 | 62.32 | 168.41 | 230.73 | OK | |
r-devel-linux-x86_64-fedora-clang | 1.5.0 | 513.93 | OK | |||
r-devel-linux-x86_64-fedora-gcc | 1.5.0 | 497.62 | OK | |||
r-devel-windows-x86_64 | 1.5.0 | 82.00 | 224.00 | 306.00 | OK | |
r-patched-linux-x86_64 | 1.5.0 | 95.14 | 217.12 | 312.26 | OK | |
r-release-linux-x86_64 | 1.5.0 | 85.85 | 215.30 | 301.15 | OK | |
r-release-macos-arm64 | 1.5.0 | 127.00 | OK | |||
r-release-macos-x86_64 | 1.5.0 | 228.00 | OK | |||
r-release-windows-x86_64 | 1.5.0 | 82.00 | 219.00 | 301.00 | OK | |
r-oldrel-macos-arm64 | 1.5.0 | 134.00 | NOTE | |||
r-oldrel-macos-x86_64 | 1.5.0 | 270.00 | NOTE | |||
r-oldrel-windows-x86_64 | 1.5.0 | 112.00 | 292.00 | 404.00 | OK |
Version: 1.5.0
Check: package dependencies
Result: NOTE
Package suggested but not available for checking: ‘INLA’
Flavors: r-oldrel-macos-arm64, r-oldrel-macos-x86_64
Version: 1.5.0
Check: installed package size
Result: NOTE
installed size is 14.4Mb
sub-directories of 1Mb or more:
R 1.1Mb
libs 12.6Mb
Flavors: r-oldrel-macos-arm64, r-oldrel-macos-x86_64