CRAN Package Check Results for Package MetaboQC

Last updated on 2025-07-16 05:49:28 CEST.

Flavor Version Tinstall Tcheck Ttotal Status Flags
r-devel-linux-x86_64-debian-clang 1.1 2.69 24.64 27.33 NOTE
r-devel-linux-x86_64-debian-gcc 1.1 2.06 19.69 21.75 NOTE
r-devel-linux-x86_64-fedora-clang 1.1 42.72 OK
r-devel-linux-x86_64-fedora-gcc 1.1 41.23 OK
r-devel-windows-x86_64 1.1 4.00 45.00 49.00 OK
r-patched-linux-x86_64 1.1 2.66 23.45 26.11 OK
r-release-linux-x86_64 1.1 2.37 23.62 25.99 OK
r-release-macos-arm64 1.1 31.00 OK
r-release-macos-x86_64 1.1 30.00 OK
r-release-windows-x86_64 1.1 3.00 55.00 58.00 OK
r-oldrel-macos-arm64 1.1 16.00 OK
r-oldrel-macos-x86_64 1.1 25.00 OK
r-oldrel-windows-x86_64 1.1 5.00 51.00 56.00 OK

Check Details

Version: 1.1
Check: CRAN incoming feasibility
Result: NOTE Maintainer: ‘Monica Calderon-Santiago <b42casam@uco.es>’ No Authors@R field in DESCRIPTION. Please add one, modifying Authors@R: person(given = "Monica", family = "Calderon-Santiago", role = c("aut", "cre"), email = "b42casam@uco.es") as necessary. Flavors: r-devel-linux-x86_64-debian-clang, r-devel-linux-x86_64-debian-gcc