Last updated on 2025-07-15 17:50:13 CEST.
Flavor | Version | Tinstall | Tcheck | Ttotal | Status | Flags |
---|---|---|---|---|---|---|
r-devel-linux-x86_64-debian-clang | 0.2.0 | 4.24 | 47.08 | 51.32 | NOTE | |
r-devel-linux-x86_64-debian-gcc | 0.2.0 | 3.46 | 33.42 | 36.88 | NOTE | |
r-devel-linux-x86_64-fedora-clang | 0.2.0 | 78.43 | OK | |||
r-devel-linux-x86_64-fedora-gcc | 0.2.0 | 76.95 | OK | |||
r-devel-windows-x86_64 | 0.2.0 | 7.00 | 61.00 | 68.00 | OK | |
r-patched-linux-x86_64 | 0.2.0 | 5.16 | 43.39 | 48.55 | OK | |
r-release-linux-x86_64 | 0.2.0 | 4.35 | 42.51 | 46.86 | OK | |
r-release-macos-arm64 | 0.2.0 | 23.00 | OK | |||
r-release-macos-x86_64 | 0.2.0 | 45.00 | OK | |||
r-release-windows-x86_64 | 0.2.0 | 6.00 | 62.00 | 68.00 | OK | |
r-oldrel-macos-arm64 | 0.2.0 | 24.00 | OK | |||
r-oldrel-macos-x86_64 | 0.2.0 | 35.00 | OK | |||
r-oldrel-windows-x86_64 | 0.2.0 | 8.00 | 74.00 | 82.00 | OK |
Version: 0.2.0
Check: CRAN incoming feasibility
Result: NOTE
Maintainer: ‘Blake Robert Mills <blakerobertmills@gmail.com>’
No Authors@R field in DESCRIPTION.
Please add one, modifying
Authors@R: person(given = c("Blake", "Robert"),
family = "Mills",
role = c("aut", "cre"),
email = "blakerobertmills@gmail.com")
as necessary.
Flavors: r-devel-linux-x86_64-debian-clang, r-devel-linux-x86_64-debian-gcc