Last updated on 2025-07-15 23:51:26 CEST.
Flavor | Version | Tinstall | Tcheck | Ttotal | Status | Flags |
---|---|---|---|---|---|---|
r-devel-linux-x86_64-debian-clang | 0.1-6 | 16.05 | 37.10 | 53.15 | NOTE | |
r-devel-linux-x86_64-debian-gcc | 0.1-6 | 13.24 | 30.35 | 43.59 | NOTE | |
r-devel-linux-x86_64-fedora-clang | 0.1-6 | 89.38 | OK | |||
r-devel-linux-x86_64-fedora-gcc | 0.1-6 | 104.02 | OK | |||
r-devel-windows-x86_64 | 0.1-6 | 22.00 | 96.00 | 118.00 | OK | |
r-patched-linux-x86_64 | 0.1-6 | 19.20 | 35.81 | 55.01 | OK | |
r-release-linux-x86_64 | 0.1-6 | 19.39 | 35.86 | 55.25 | OK | |
r-release-macos-arm64 | 0.1-6 | 37.00 | OK | |||
r-release-macos-x86_64 | 0.1-6 | 69.00 | OK | |||
r-release-windows-x86_64 | 0.1-6 | 21.00 | 105.00 | 126.00 | OK | |
r-oldrel-macos-arm64 | 0.1-6 | 35.00 | OK | |||
r-oldrel-macos-x86_64 | 0.1-6 | 58.00 | OK | |||
r-oldrel-windows-x86_64 | 0.1-6 | 21.00 | 107.00 | 128.00 | OK |
Version: 0.1-6
Check: CRAN incoming feasibility
Result: NOTE
Maintainer: ‘Ignacio López-de-Ullibarri <ignacio.lopezdeullibarri@udc.es>’
No Authors@R field in DESCRIPTION.
Please add one, modifying
Authors@R: person(given = "Ignacio",
family = "López-de-Ullibarri",
role = c("aut", "cre"),
email = "ignacio.lopezdeullibarri@udc.es")
as necessary.
Flavors: r-devel-linux-x86_64-debian-clang, r-devel-linux-x86_64-debian-gcc