Last updated on 2025-07-15 17:50:13 CEST.
Flavor | Version | Tinstall | Tcheck | Ttotal | Status | Flags |
---|---|---|---|---|---|---|
r-devel-linux-x86_64-debian-clang | 0.2.0 | 1.65 | 24.23 | 25.88 | NOTE | |
r-devel-linux-x86_64-debian-gcc | 0.2.0 | 1.41 | 20.44 | 21.85 | NOTE | |
r-devel-linux-x86_64-fedora-clang | 0.2.0 | 40.03 | OK | |||
r-devel-linux-x86_64-fedora-gcc | 0.2.0 | 55.69 | OK | |||
r-devel-windows-x86_64 | 0.2.0 | 3.00 | 43.00 | 46.00 | OK | |
r-patched-linux-x86_64 | 0.2.0 | 1.84 | 22.01 | 23.85 | OK | |
r-release-linux-x86_64 | 0.2.0 | 1.55 | 21.83 | 23.38 | OK | |
r-release-macos-arm64 | 0.2.0 | 24.00 | OK | |||
r-release-macos-x86_64 | 0.2.0 | 43.00 | OK | |||
r-release-windows-x86_64 | 0.2.0 | 4.00 | 44.00 | 48.00 | OK | |
r-oldrel-macos-arm64 | 0.2.0 | 23.00 | OK | |||
r-oldrel-macos-x86_64 | 0.2.0 | 37.00 | OK | |||
r-oldrel-windows-x86_64 | 0.2.0 | 3.00 | 50.00 | 53.00 | OK |
Version: 0.2.0
Check: CRAN incoming feasibility
Result: NOTE
Maintainer: ‘Mikhail Popov <mikhail@mpopov.com>’
Found the following (possibly) invalid file URI:
URI: CONDUCT.md
From: README.md
Flavors: r-devel-linux-x86_64-debian-clang, r-devel-linux-x86_64-debian-gcc