Last updated on 2025-07-16 11:50:43 CEST.
Flavor | Version | Tinstall | Tcheck | Ttotal | Status | Flags |
---|---|---|---|---|---|---|
r-devel-linux-x86_64-debian-clang | 2.3.2 | 48.63 | 30.88 | 79.51 | NOTE | |
r-devel-linux-x86_64-debian-gcc | 2.3.2 | 36.66 | 24.62 | 61.28 | NOTE | |
r-devel-linux-x86_64-fedora-clang | 2.3.2 | 158.59 | OK | |||
r-devel-linux-x86_64-fedora-gcc | 2.3.2 | 137.59 | OK | |||
r-devel-windows-x86_64 | 2.3.2 | 54.00 | 71.00 | 125.00 | OK | |
r-patched-linux-x86_64 | 2.3.2 | 52.89 | 28.93 | 81.82 | OK | |
r-release-linux-x86_64 | 2.3.2 | 49.54 | 28.96 | 78.50 | OK | |
r-release-macos-arm64 | 2.3.2 | 44.00 | OK | |||
r-release-macos-x86_64 | 2.3.2 | 51.00 | OK | |||
r-release-windows-x86_64 | 2.3.2 | 54.00 | 76.00 | 130.00 | OK | |
r-oldrel-macos-arm64 | 2.3.2 | 37.00 | OK | |||
r-oldrel-macos-x86_64 | 2.3.2 | 77.00 | OK | |||
r-oldrel-windows-x86_64 | 2.3.2 | 65.00 | 80.00 | 145.00 | OK |
Version: 2.3.2
Check: CRAN incoming feasibility
Result: NOTE
Maintainer: ‘Seung W. Choi <schoi@austin.utexas.edu>’
No Authors@R field in DESCRIPTION.
Please add one, modifying
Authors@R: c(person(given = c("Seung", "W."),
family = "Choi",
role = c("aut", "cre"),
email = "schoi@austin.utexas.edu"),
person(given = c("David", "R."),
family = "King",
role = "aut"))
as necessary.
Flavors: r-devel-linux-x86_64-debian-clang, r-devel-linux-x86_64-debian-gcc