Last updated on 2025-07-16 11:50:43 CEST.
Flavor | Version | Tinstall | Tcheck | Ttotal | Status | Flags |
---|---|---|---|---|---|---|
r-devel-linux-x86_64-debian-clang | 3.11.9 | 20.12 | 245.11 | 265.23 | NOTE | |
r-devel-linux-x86_64-debian-gcc | 3.11.9 | 10.11 | 158.44 | 168.55 | NOTE | |
r-devel-linux-x86_64-fedora-clang | 3.11.9 | 443.59 | OK | |||
r-devel-linux-x86_64-fedora-gcc | 3.11.9 | 405.86 | OK | |||
r-devel-windows-x86_64 | 3.11.9 | 20.00 | 279.00 | 299.00 | NOTE | |
r-patched-linux-x86_64 | 3.11.9 | 19.32 | 232.86 | 252.18 | NOTE | |
r-release-linux-x86_64 | 3.11.9 | 19.37 | 229.96 | 249.33 | NOTE | |
r-release-macos-arm64 | 3.11.9 | 153.00 | OK | |||
r-release-macos-x86_64 | 3.11.9 | 277.00 | OK | |||
r-release-windows-x86_64 | 3.11.9 | 20.00 | 283.00 | 303.00 | NOTE | |
r-oldrel-macos-arm64 | 3.11.9 | 105.00 | NOTE | |||
r-oldrel-macos-x86_64 | 3.11.9 | 210.00 | NOTE | |||
r-oldrel-windows-x86_64 | 3.11.9 | 28.00 | 347.00 | 375.00 | NOTE |
Version: 3.11.9
Check: Rd cross-references
Result: NOTE
Found the following Rd file(s) with Rd \link{} targets missing package
anchors:
MARSSFisherI.Rd: fdHess, nlme
Please provide package anchors for all Rd \link{} targets not in the
package itself and the base packages.
Flavors: r-devel-linux-x86_64-debian-clang, r-devel-linux-x86_64-debian-gcc, r-devel-windows-x86_64, r-patched-linux-x86_64, r-release-linux-x86_64, r-release-windows-x86_64
Version: 3.11.9
Check: package dependencies
Result: NOTE
Package suggested but not available for checking: ‘marssTMB’
Flavors: r-oldrel-macos-arm64, r-oldrel-macos-x86_64, r-oldrel-windows-x86_64