CRAN Package Check Results for Package MABOUST

Last updated on 2025-07-16 05:49:27 CEST.

Flavor Version Tinstall Tcheck Ttotal Status Flags
r-devel-linux-x86_64-debian-clang 1.0.1 22.94 29.60 52.54 NOTE
r-devel-linux-x86_64-debian-gcc 1.0.1 17.20 23.14 40.34 NOTE
r-devel-linux-x86_64-fedora-clang 1.0.1 94.69 OK
r-devel-linux-x86_64-fedora-gcc 1.0.1 83.81 OK
r-devel-windows-x86_64 1.0.1 26.00 77.00 103.00 OK
r-patched-linux-x86_64 1.0.1 22.75 27.98 50.73 OK
r-release-linux-x86_64 1.0.1 20.48 27.68 48.16 OK
r-release-macos-arm64 1.0.1 45.00 OK
r-release-macos-x86_64 1.0.1 46.00 OK
r-release-windows-x86_64 1.0.1 26.00 84.00 110.00 OK
r-oldrel-macos-arm64 1.0.1 28.00 OK
r-oldrel-macos-x86_64 1.0.1 41.00 OK
r-oldrel-windows-x86_64 1.0.1 33.00 84.00 117.00 OK

Check Details

Version: 1.0.1
Check: CRAN incoming feasibility
Result: NOTE Maintainer: ‘Andrew Chapple <achapp@lsuhsc.edu>’ No Authors@R field in DESCRIPTION. Please add one, modifying Authors@R: person(given = "Andrew", family = "Chapple", role = c("aut", "cre"), email = "achapp@lsuhsc.edu") as necessary. Flavors: r-devel-linux-x86_64-debian-clang, r-devel-linux-x86_64-debian-gcc