Last updated on 2025-07-17 05:49:52 CEST.
Flavor | Version | Tinstall | Tcheck | Ttotal | Status | Flags |
---|---|---|---|---|---|---|
r-devel-linux-x86_64-debian-clang | 1.0-1 | 27.87 | 112.07 | 139.94 | NOTE | |
r-devel-linux-x86_64-debian-gcc | 1.0-1 | 15.28 | 73.89 | 89.17 | NOTE | |
r-devel-linux-x86_64-fedora-clang | 1.0-1 | 215.47 | OK | |||
r-devel-linux-x86_64-fedora-gcc | 1.0-1 | 201.00 | OK | |||
r-devel-windows-x86_64 | 1.0-1 | 23.00 | 105.00 | 128.00 | OK | |
r-patched-linux-x86_64 | 1.0-1 | 23.51 | 103.69 | 127.20 | OK | |
r-release-linux-x86_64 | 1.0-1 | 19.05 | 101.94 | 120.99 | OK | |
r-release-macos-arm64 | 1.0-1 | 52.00 | OK | |||
r-release-macos-x86_64 | 1.0-1 | 91.00 | OK | |||
r-release-windows-x86_64 | 1.0-1 | 23.00 | 105.00 | 128.00 | OK | |
r-oldrel-macos-arm64 | 1.0-1 | 47.00 | OK | |||
r-oldrel-macos-x86_64 | 1.0-1 | 74.00 | OK | |||
r-oldrel-windows-x86_64 | 1.0-1 | 34.00 | 135.00 | 169.00 | OK |
Version: 1.0-1
Check: CRAN incoming feasibility
Result: NOTE
Maintainer: ‘Ruben H. Roa-Ureta <ruben.roa.ureta@mail.com>’
No Authors@R field in DESCRIPTION.
Please add one, modifying
Authors@R: person(given = c("Ruben", "H."),
family = "Roa-Ureta",
role = c("aut", "cre"),
email = "ruben.roa.ureta@mail.com")
as necessary.
Flavors: r-devel-linux-x86_64-debian-clang, r-devel-linux-x86_64-debian-gcc