CRAN Package Check Results for Package LAGOSNE

Last updated on 2025-07-16 23:49:18 CEST.

Flavor Version Tinstall Tcheck Ttotal Status Flags
r-devel-linux-x86_64-debian-clang 2.0.3 8.21 73.82 82.03 NOTE
r-devel-linux-x86_64-debian-gcc 2.0.3 5.75 55.12 60.87 NOTE
r-devel-linux-x86_64-fedora-clang 2.0.3 134.36 NOTE
r-devel-linux-x86_64-fedora-gcc 2.0.3 146.68 NOTE
r-devel-windows-x86_64 2.0.3 10.00 93.00 103.00 NOTE
r-patched-linux-x86_64 2.0.3 8.49 67.60 76.09 NOTE
r-release-linux-x86_64 2.0.3 7.20 67.36 74.56 NOTE
r-release-macos-arm64 2.0.3 41.00 NOTE
r-release-macos-x86_64 2.0.3 82.00 NOTE
r-release-windows-x86_64 2.0.3 10.00 92.00 102.00 NOTE
r-oldrel-macos-arm64 2.0.3 41.00 NOTE
r-oldrel-macos-x86_64 2.0.3 81.00 NOTE
r-oldrel-windows-x86_64 2.0.3 12.00 110.00 122.00 NOTE

Check Details

Version: 2.0.3
Check: Rd files
Result: NOTE checkRd: (-1) conn.Rd:300: Lost braces 300 | Soranno et al. (2017) \doi{10.1093/gigascience/gix101}{Gigascience 6:12} | ^ checkRd: (-1) lakes_limno.Rd:36: Lost braces 36 | Soranno et al. (2017) \doi{10.1093/gigascience/gix101}{Gigascience 6:12} | ^ Flavors: r-devel-linux-x86_64-debian-clang, r-devel-linux-x86_64-debian-gcc, r-devel-linux-x86_64-fedora-clang, r-devel-linux-x86_64-fedora-gcc, r-devel-windows-x86_64, r-patched-linux-x86_64, r-release-linux-x86_64, r-release-macos-arm64, r-release-macos-x86_64, r-release-windows-x86_64, r-oldrel-macos-arm64, r-oldrel-macos-x86_64, r-oldrel-windows-x86_64